{"id":87,"date":"2024-04-04T12:15:11","date_gmt":"2024-04-04T10:15:11","guid":{"rendered":"https:\/\/new.ptsv-rosenheim.de\/?page_id=87"},"modified":"2025-11-22T20:00:23","modified_gmt":"2025-11-22T19:00:23","slug":"kinderturnen","status":"publish","type":"page","link":"https:\/\/ptsv-rosenheim.de\/index.php\/kinderturnen\/","title":{"rendered":"Kinderturnen"},"content":{"rendered":"\t\t<div data-elementor-type=\"wp-page\" data-elementor-id=\"87\" class=\"elementor elementor-87\">\n\t\t\t\t<div class=\"elementor-element elementor-element-5a66c042 e-con-full e-flex e-con e-parent\" data-id=\"5a66c042\" data-element_type=\"container\" data-e-type=\"container\" data-settings=\"{&quot;background_background&quot;:&quot;gradient&quot;}\">\n\t\t<div class=\"elementor-element elementor-element-5d75ef6f e-flex e-con-boxed e-con e-child\" data-id=\"5d75ef6f\" data-element_type=\"container\" data-e-type=\"container\" data-settings=\"{&quot;background_background&quot;:&quot;gradient&quot;,&quot;shape_divider_top&quot;:&quot;waves&quot;,&quot;shape_divider_bottom&quot;:&quot;waves&quot;,&quot;shape_divider_bottom_negative&quot;:&quot;yes&quot;}\">\n\t\t\t\t\t<div class=\"e-con-inner\">\n\t\t\t\t<div class=\"elementor-shape elementor-shape-top\" aria-hidden=\"true\" data-negative=\"false\">\n\t\t\t<svg xmlns=\"http:\/\/www.w3.org\/2000\/svg\" viewBox=\"0 0 1000 100\" preserveAspectRatio=\"none\">\n\t<path class=\"elementor-shape-fill\" d=\"M421.9,6.5c22.6-2.5,51.5,0.4,75.5,5.3c23.6,4.9,70.9,23.5,100.5,35.7c75.8,32.2,133.7,44.5,192.6,49.7\n\tc23.6,2.1,48.7,3.5,103.4-2.5c54.7-6,106.2-25.6,106.2-25.6V0H0v30.3c0,0,72,32.6,158.4,30.5c39.2-0.7,92.8-6.7,134-22.4\n\tc21.2-8.1,52.2-18.2,79.7-24.2C399.3,7.9,411.6,7.5,421.9,6.5z\"\/>\n<\/svg>\t\t<\/div>\n\t\t\t\t<div class=\"elementor-shape elementor-shape-bottom\" aria-hidden=\"true\" data-negative=\"true\">\n\t\t\t<svg xmlns=\"http:\/\/www.w3.org\/2000\/svg\" viewBox=\"0 0 1000 100\" preserveAspectRatio=\"none\">\n\t<path class=\"elementor-shape-fill\" d=\"M790.5,93.1c-59.3-5.3-116.8-18-192.6-50c-29.6-12.7-76.9-31-100.5-35.9c-23.6-4.9-52.6-7.8-75.5-5.3\n\tc-10.2,1.1-22.6,1.4-50.1,7.4c-27.2,6.3-58.2,16.6-79.4,24.7c-41.3,15.9-94.9,21.9-134,22.6C72,58.2,0,25.8,0,25.8V100h1000V65.3\n\tc0,0-51.5,19.4-106.2,25.7C839.5,97,814.1,95.2,790.5,93.1z\"\/>\n<\/svg>\t\t<\/div>\n\t\t<div class=\"elementor-element elementor-element-1d2b077b e-con-full e-flex e-con e-child\" data-id=\"1d2b077b\" data-element_type=\"container\" data-e-type=\"container\">\n\t\t\t\t<div class=\"elementor-element elementor-element-3805d313 elementor-widget__width-inherit elementor-widget-tablet__width-inherit elementor-invisible elementor-widget elementor-widget-heading\" data-id=\"3805d313\" data-element_type=\"widget\" data-e-type=\"widget\" data-settings=\"{&quot;_animation&quot;:&quot;fadeInLeft&quot;}\" data-widget_type=\"heading.default\">\n\t\t\t\t<div class=\"elementor-widget-container\">\n\t\t\t\t\t<h2 class=\"elementor-heading-title elementor-size-default\">Informationen Kinderturnen<\/h2>\t\t\t\t<\/div>\n\t\t\t\t<\/div>\n\t\t\t\t<\/div>\n\t\t\t\t\t<\/div>\n\t\t\t\t<\/div>\n\t\t<div class=\"elementor-element elementor-element-1a14bd33 e-flex e-con-boxed e-con e-child\" data-id=\"1a14bd33\" data-element_type=\"container\" data-e-type=\"container\">\n\t\t\t\t\t<div class=\"e-con-inner\">\n\t\t<div class=\"elementor-element elementor-element-51323ea6 e-flex e-con-boxed e-con e-child\" data-id=\"51323ea6\" data-element_type=\"container\" data-e-type=\"container\">\n\t\t\t\t\t<div class=\"e-con-inner\">\n\t\t\t\t<div class=\"elementor-element elementor-element-8b9fbfa elementor-widget elementor-widget-heading\" data-id=\"8b9fbfa\" data-element_type=\"widget\" data-e-type=\"widget\" data-widget_type=\"heading.default\">\n\t\t\t\t<div class=\"elementor-widget-container\">\n\t\t\t\t\t<h2 class=\"elementor-heading-title elementor-size-default\">Mutter-Kind-Turnen 2-5 Jahre<\/h2>\t\t\t\t<\/div>\n\t\t\t\t<\/div>\n\t\t\t\t<div class=\"elementor-element elementor-element-50cca75 elementor-widget elementor-widget-text-editor\" data-id=\"50cca75\" data-element_type=\"widget\" data-e-type=\"widget\" data-widget_type=\"text-editor.default\">\n\t\t\t\t<div class=\"elementor-widget-container\">\n\t\t\t\t\t\t\t\t\t<p><span style=\"color: #000000;\"><strong>Leitung:<\/strong> Andrea Weinzierl und Steffi W\u00f6lfl<\/span><\/p><p><span style=\"color: #000000;\">Anfragen bitte ausschlie\u00dflich an folgende e-Mail Adresse: <strong>kinderturnen@ptsv-rosenheim.de<\/strong><\/span><\/p><p><span style=\"color: #000000;\"><strong>Achtung: Derzeit keine Neuaufnahme m\u00f6glich, da die maximale Gruppengr\u00f6\u00dfe erreicht ist. Anfragen per E-Mail wieder ab September<\/strong><\/span><\/p><p><span style=\"color: #000000;\"><strong>\u00a0<\/strong><\/span><\/p>\t\t\t\t\t\t\t\t<\/div>\n\t\t\t\t<\/div>\n\t\t\t\t<div class=\"elementor-element elementor-element-2f46cd0 elementor-widget elementor-widget-heading\" data-id=\"2f46cd0\" data-element_type=\"widget\" data-e-type=\"widget\" data-widget_type=\"heading.default\">\n\t\t\t\t<div class=\"elementor-widget-container\">\n\t\t\t\t\t<h2 class=\"elementor-heading-title elementor-size-default\">Wo und Wann<\/h2>\t\t\t\t<\/div>\n\t\t\t\t<\/div>\n\t\t\t\t<div class=\"elementor-element elementor-element-d905d35 elementor-widget elementor-widget-text-editor\" data-id=\"d905d35\" data-element_type=\"widget\" data-e-type=\"widget\" data-widget_type=\"text-editor.default\">\n\t\t\t\t<div class=\"elementor-widget-container\">\n\t\t\t\t\t\t\t\t\t<p><span style=\"color: #000000;\"><strong>Wann<\/strong>: Mittwoch 16:00 &#8211; 17:00 Uhr<\/span><\/p><p><span style=\"color: #000000;\"><strong>Wo<\/strong>: Turnhalle Ignaz-G\u00fcnter-Gymnasium, Heilig-Geist-Str., Rosenheim<\/span><\/p><p>\u00a0<\/p>\t\t\t\t\t\t\t\t<\/div>\n\t\t\t\t<\/div>\n\t\t\t\t<div class=\"elementor-element elementor-element-e323f9c elementor-widget elementor-widget-text-editor\" data-id=\"e323f9c\" data-element_type=\"widget\" data-e-type=\"widget\" data-widget_type=\"text-editor.default\">\n\t\t\t\t<div class=\"elementor-widget-container\">\n\t\t\t\t\t\t\t\t\t<p style=\"text-align: center;\"><span style=\"color: #000000;\">Die Gruppe bietet mit Ballspielen, Balancieren, Klettern, Schwingen, H\u00fcpfen und Springen vielf\u00e4ltige Bewegungserfahrungen und M\u00f6glichkeiten, einfach nur mal etwas auszuprobieren. Es steht Freude an der Bewegung an erster Stelle. In der Mutter-Kind-Gruppe k\u00f6nnen diese Erfahrungen zusammen mit der Mutter (oder dem Vater) gemacht werden, die erfahrungsgem\u00e4\u00df immer weniger gebraucht werden. St\u00fcck f\u00fcr St\u00fcck werden die notwendigen Turnhallenregeln eingef\u00fchrt:<\/span><\/p><p style=\"text-align: center;\"><span style=\"color: #000000;\">&#8211; Nicht alleine in die Ger\u00e4ter\u00e4ume laufen<\/span><br \/><span style=\"color: #000000;\">&#8211; Erst dann an die Ger\u00e4te gehen, wenn der Aufbau freigegeben ist<\/span><br \/><span style=\"color: #000000;\">&#8211; Alles zumindest einmal ausprobieren (wie sonst kann man feststellen, ob etwas Spass machen kann?)<\/span><br \/><span style=\"color: #000000;\">&#8211; Am Anfang und am Ende kommen alle zusammen<\/span><br \/><span style=\"color: #000000;\">&#8211; Den Erkl\u00e4rungen der \u00dcbungsleitung zuh\u00f6ren<\/span><\/p>\t\t\t\t\t\t\t\t<\/div>\n\t\t\t\t<\/div>\n\t\t\t\t\t<\/div>\n\t\t\t\t<\/div>\n\t\t<div class=\"elementor-element elementor-element-ecd2add e-flex e-con-boxed e-con e-child\" data-id=\"ecd2add\" data-element_type=\"container\" data-e-type=\"container\">\n\t\t\t\t\t<div class=\"e-con-inner\">\n\t\t\t\t<div class=\"elementor-element elementor-element-fff8975 elementor-widget elementor-widget-heading\" data-id=\"fff8975\" data-element_type=\"widget\" data-e-type=\"widget\" data-widget_type=\"heading.default\">\n\t\t\t\t<div class=\"elementor-widget-container\">\n\t\t\t\t\t<h2 class=\"elementor-heading-title elementor-size-default\">Kinderturnen 5-7 Jahre<\/h2>\t\t\t\t<\/div>\n\t\t\t\t<\/div>\n\t\t\t\t<div class=\"elementor-element elementor-element-92ea410 elementor-widget elementor-widget-text-editor\" data-id=\"92ea410\" data-element_type=\"widget\" data-e-type=\"widget\" data-widget_type=\"text-editor.default\">\n\t\t\t\t<div class=\"elementor-widget-container\">\n\t\t\t\t\t\t\t\t\t<p><span style=\"color: #000000;\"><strong>Leitung:<\/strong> Sabine Vogl<\/span><\/p><p><span style=\"color: #000000;\">Anfragen bitte ausschlie\u00dflich an folgende e-Mail Adresse: <strong>schuelerturnen@ptsv-rosenheim.de<\/strong><\/span><\/p><p><span style=\"color: #000000;\"><strong>\u00a0<\/strong><\/span><\/p>\t\t\t\t\t\t\t\t<\/div>\n\t\t\t\t<\/div>\n\t\t\t\t<div class=\"elementor-element elementor-element-2836ea8 elementor-widget elementor-widget-heading\" data-id=\"2836ea8\" data-element_type=\"widget\" data-e-type=\"widget\" data-widget_type=\"heading.default\">\n\t\t\t\t<div class=\"elementor-widget-container\">\n\t\t\t\t\t<h2 class=\"elementor-heading-title elementor-size-default\">Wo und Wann<\/h2>\t\t\t\t<\/div>\n\t\t\t\t<\/div>\n\t\t\t\t<div class=\"elementor-element elementor-element-f8eb688 elementor-widget elementor-widget-text-editor\" data-id=\"f8eb688\" data-element_type=\"widget\" data-e-type=\"widget\" data-widget_type=\"text-editor.default\">\n\t\t\t\t<div class=\"elementor-widget-container\">\n\t\t\t\t\t\t\t\t\t<p><span style=\"color: #000000;\"><strong>Wann<\/strong>: Dienstag 15:45 &#8211; 17:00 Uhr<\/span><\/p><p><span style=\"color: #000000;\"><strong>Wo<\/strong>: Turnhalle Astrid-Lindgreen-Grundschule Innsbrucker Str.1, Rosenheim<\/span><\/p><p>\u00a0<\/p>\t\t\t\t\t\t\t\t<\/div>\n\t\t\t\t<\/div>\n\t\t\t\t<div class=\"elementor-element elementor-element-6382647 elementor-widget elementor-widget-text-editor\" data-id=\"6382647\" data-element_type=\"widget\" data-e-type=\"widget\" data-widget_type=\"text-editor.default\">\n\t\t\t\t<div class=\"elementor-widget-container\">\n\t\t\t\t\t\t\t\t\t<p style=\"text-align: center;\"><span style=\"color: #000000;\">Dein Kind tobt gerne herum und m\u00f6chte etwas Neues ausprobieren?<\/span><\/p><p style=\"text-align: center;\"><span style=\"color: #000000;\">Beim Kinderturnen haben sie die M\u00f6glichkeit sich k\u00f6rperlich auszupowern und neue Bewegungserfahrungen zu sammeln. Wir bieten Ihnen ein vielseitiges Angebot von spielerischen, Sport\u00fcbergreifenden Basiselementen. Hierbei stehen vor allem Freude und Spa\u00df an der Bewegung im Vordergrund sowie der Teamgeist mit Gleichaltrigen und das soziale Miteinander.<\/span><\/p><p style=\"text-align: center;\"><span style=\"color: #000000;\">Wenn du Lust hast dich ohne Leistungsdruck auszutoben und verschiedene Sportangebote auszuprobieren, dann bist du hier genau richtig!<\/span><\/p>\t\t\t\t\t\t\t\t<\/div>\n\t\t\t\t<\/div>\n\t\t\t\t\t<\/div>\n\t\t\t\t<\/div>\n\t\t\t\t\t<\/div>\n\t\t\t\t<\/div>\n\t\t\t\t<\/div>\n\t\t<div class=\"elementor-element elementor-element-3cf5772 e-con-full e-flex e-con e-child\" data-id=\"3cf5772\" data-element_type=\"container\" data-e-type=\"container\" data-settings=\"{&quot;background_background&quot;:&quot;gradient&quot;}\">\n\t\t\t\t<div class=\"elementor-element elementor-element-d5edac2 elementor-widget-divider--view-line elementor-widget elementor-widget-divider\" data-id=\"d5edac2\" data-element_type=\"widget\" data-e-type=\"widget\" data-widget_type=\"divider.default\">\n\t\t\t\t<div class=\"elementor-widget-container\">\n\t\t\t\t\t\t\t<div class=\"elementor-divider\">\n\t\t\t<span class=\"elementor-divider-separator\">\n\t\t\t\t\t\t<\/span>\n\t\t<\/div>\n\t\t\t\t\t\t<\/div>\n\t\t\t\t<\/div>\n\t\t<div class=\"elementor-element elementor-element-8f13f4c e-con-full e-flex e-con e-child\" data-id=\"8f13f4c\" data-element_type=\"container\" data-e-type=\"container\">\n\t\t<div class=\"elementor-element elementor-element-19b18e8 e-con-full e-flex e-con e-child\" data-id=\"19b18e8\" data-element_type=\"container\" data-e-type=\"container\">\n\t\t\t\t<div class=\"elementor-element elementor-element-6d6c67f elementor-widget elementor-widget-button\" data-id=\"6d6c67f\" data-element_type=\"widget\" data-e-type=\"widget\" data-widget_type=\"button.default\">\n\t\t\t\t<div class=\"elementor-widget-container\">\n\t\t\t\t\t\t\t\t\t<div class=\"elementor-button-wrapper\">\n\t\t\t\t\t<a class=\"elementor-button elementor-button-link elementor-size-sm\" href=\"https:\/\/ptsv-rosenheim.de\/index.php\/impressum\/\">\n\t\t\t\t\t\t<span class=\"elementor-button-content-wrapper\">\n\t\t\t\t\t\t\t\t\t<span class=\"elementor-button-text\">Impressum<\/span>\n\t\t\t\t\t<\/span>\n\t\t\t\t\t<\/a>\n\t\t\t\t<\/div>\n\t\t\t\t\t\t\t\t<\/div>\n\t\t\t\t<\/div>\n\t\t\t\t<\/div>\n\t\t<div class=\"elementor-element elementor-element-f624330 e-con-full e-flex e-con e-child\" data-id=\"f624330\" data-element_type=\"container\" data-e-type=\"container\">\n\t\t\t\t<div class=\"elementor-element elementor-element-1629731 elementor-align-center elementor-widget elementor-widget-button\" data-id=\"1629731\" data-element_type=\"widget\" data-e-type=\"widget\" data-widget_type=\"button.default\">\n\t\t\t\t<div class=\"elementor-widget-container\">\n\t\t\t\t\t\t\t\t\t<div class=\"elementor-button-wrapper\">\n\t\t\t\t\t<a class=\"elementor-button elementor-button-link elementor-size-sm\" href=\"https:\/\/ptsv-rosenheim.de\/index.php\/datenschutz\/\">\n\t\t\t\t\t\t<span class=\"elementor-button-content-wrapper\">\n\t\t\t\t\t\t\t\t\t<span class=\"elementor-button-text\">Datenschutz<\/span>\n\t\t\t\t\t<\/span>\n\t\t\t\t\t<\/a>\n\t\t\t\t<\/div>\n\t\t\t\t\t\t\t\t<\/div>\n\t\t\t\t<\/div>\n\t\t\t\t<\/div>\n\t\t<div class=\"elementor-element elementor-element-63ed530 e-con-full e-flex e-con e-child\" data-id=\"63ed530\" data-element_type=\"container\" data-e-type=\"container\">\n\t\t\t\t<div class=\"elementor-element elementor-element-7da1401 elementor-align-center elementor-widget elementor-widget-button\" data-id=\"7da1401\" data-element_type=\"widget\" data-e-type=\"widget\" data-widget_type=\"button.default\">\n\t\t\t\t<div class=\"elementor-widget-container\">\n\t\t\t\t\t\t\t\t\t<div class=\"elementor-button-wrapper\">\n\t\t\t\t\t<a class=\"elementor-button elementor-button-link elementor-size-sm\" href=\"https:\/\/ptsv-rosenheim.de\/index.php\/downloads\/\">\n\t\t\t\t\t\t<span class=\"elementor-button-content-wrapper\">\n\t\t\t\t\t\t\t\t\t<span class=\"elementor-button-text\">Downloads<\/span>\n\t\t\t\t\t<\/span>\n\t\t\t\t\t<\/a>\n\t\t\t\t<\/div>\n\t\t\t\t\t\t\t\t<\/div>\n\t\t\t\t<\/div>\n\t\t\t\t<\/div>\n\t\t\t\t<\/div>\n\t\t\t\t<\/div>\n\t\t\t\t<\/div>\n\t\t","protected":false},"excerpt":{"rendered":"<p>Informationen Kinderturnen Mutter-Kind-Turnen 2-5 Jahre Leitung: Andrea Weinzierl und Steffi W\u00f6lfl Anfragen bitte ausschlie\u00dflich an folgende e-Mail Adresse: kinderturnen@ptsv-rosenheim.de Achtung: Derzeit keine Neuaufnahme m\u00f6glich, da die maximale Gruppengr\u00f6\u00dfe erreicht ist. Anfragen per E-Mail wieder ab September \u00a0 Wo und Wann Wann: Mittwoch 16:00 &#8211; 17:00 Uhr Wo: Turnhalle Ignaz-G\u00fcnter-Gymnasium, Heilig-Geist-Str., Rosenheim \u00a0 Die Gruppe bietet [&hellip;]<\/p>\n","protected":false},"author":1,"featured_media":0,"parent":0,"menu_order":0,"comment_status":"closed","ping_status":"closed","template":"","meta":{"_eb_attr":"","footnotes":""},"class_list":["post-87","page","type-page","status-publish","hentry"],"blocksy_meta":[],"publishpress_future_action":{"enabled":false,"date":"2026-04-23 07:55:06","action":"change-status","newStatus":"draft","terms":[],"taxonomy":"","extraData":[]},"publishpress_future_workflow_manual_trigger":{"enabledWorkflows":[]},"_links":{"self":[{"href":"https:\/\/ptsv-rosenheim.de\/index.php\/wp-json\/wp\/v2\/pages\/87","targetHints":{"allow":["GET"]}}],"collection":[{"href":"https:\/\/ptsv-rosenheim.de\/index.php\/wp-json\/wp\/v2\/pages"}],"about":[{"href":"https:\/\/ptsv-rosenheim.de\/index.php\/wp-json\/wp\/v2\/types\/page"}],"author":[{"embeddable":true,"href":"https:\/\/ptsv-rosenheim.de\/index.php\/wp-json\/wp\/v2\/users\/1"}],"replies":[{"embeddable":true,"href":"https:\/\/ptsv-rosenheim.de\/index.php\/wp-json\/wp\/v2\/comments?post=87"}],"version-history":[{"count":31,"href":"https:\/\/ptsv-rosenheim.de\/index.php\/wp-json\/wp\/v2\/pages\/87\/revisions"}],"predecessor-version":[{"id":2745,"href":"https:\/\/ptsv-rosenheim.de\/index.php\/wp-json\/wp\/v2\/pages\/87\/revisions\/2745"}],"wp:attachment":[{"href":"https:\/\/ptsv-rosenheim.de\/index.php\/wp-json\/wp\/v2\/media?parent=87"}],"curies":[{"name":"wp","href":"https:\/\/api.w.org\/{rel}","templated":true}]}}